{"id":2362,"date":"2019-03-30T16:19:07","date_gmt":"2019-03-30T15:19:07","guid":{"rendered":"http:\/\/www.akaflieg.vo.tum.de\/bugs\/?page_id=2362"},"modified":"2019-07-13T12:15:12","modified_gmt":"2019-07-13T10:15:12","slug":"mue-24-milan-ii","status":"publish","type":"page","link":"https:\/\/www.akaflieg.vo.tum.de\/de\/mue-24-milan-ii\/","title":{"rendered":"M\u00fc 24 &#8222;Milan II&#8220;"},"content":{"rendered":"\t\t<div data-elementor-type=\"wp-post\" data-elementor-id=\"2362\" class=\"elementor elementor-2362\">\n\t\t\t\t\t\t<section class=\"elementor-section elementor-top-section elementor-element elementor-element-d980879 elementor-section-boxed elementor-section-height-default elementor-section-height-default\" data-id=\"d980879\" data-element_type=\"section\" data-e-type=\"section\">\n\t\t\t\t\t\t<div class=\"elementor-container elementor-column-gap-default\">\n\t\t\t\t\t<div class=\"elementor-column elementor-col-100 elementor-top-column elementor-element elementor-element-28cc70c\" data-id=\"28cc70c\" data-element_type=\"column\" data-e-type=\"column\">\n\t\t\t<div class=\"elementor-widget-wrap elementor-element-populated\">\n\t\t\t\t\t\t<div class=\"elementor-element elementor-element-01ef693 elementor-widget elementor-widget-text-editor\" data-id=\"01ef693\" data-element_type=\"widget\" data-e-type=\"widget\" data-widget_type=\"text-editor.default\">\n\t\t\t\t<div class=\"elementor-widget-container\">\n\t\t\t\t\t\t\t\t\t<p>\u201eMilan II\u201c fu\u00dfte auf der Idee eines wolkenflugtauglichen doppelsitzigen Leichtwindseglers. Als Vorlage dienten die Flugleistungen der alten M\u00fc 10 &#8218;Milan&#8216;, vor allem deren geringes Sinken bei niedriger Geschwindigkeit. Im Vergleich zur M\u00fc 10 wurden einige Bauteile vergr\u00f6\u00dfert, der Rumpf aerodynamisch g\u00fcnstiger gestaltet und die unsymmetrische Fl\u00fcgelteilung aufgegeben. Das Projekt wurde aber nicht verwirklicht.<\/p>\t\t\t\t\t\t\t\t<\/div>\n\t\t\t\t<\/div>\n\t\t\t\t<div class=\"elementor-element elementor-element-d46c17c elementor-widget elementor-widget-image\" data-id=\"d46c17c\" data-element_type=\"widget\" data-e-type=\"widget\" data-widget_type=\"image.default\">\n\t\t\t\t<div class=\"elementor-widget-container\">\n\t\t\t\t\t\t\t\t\t\t\t\t\t\t\t<img fetchpriority=\"high\" decoding=\"async\" data-attachment-id=\"1670\" data-permalink=\"https:\/\/www.akaflieg.vo.tum.de\/de\/m_24-dsr\/\" data-orig-file=\"https:\/\/i0.wp.com\/www.akaflieg.vo.tum.de\/wp-content\/uploads\/2019\/03\/M_24-DSR.jpg?fit=492%2C376&amp;ssl=1\" data-orig-size=\"492,376\" data-comments-opened=\"1\" data-image-meta=\"{&quot;aperture&quot;:&quot;0&quot;,&quot;credit&quot;:&quot;&quot;,&quot;camera&quot;:&quot;&quot;,&quot;caption&quot;:&quot;&quot;,&quot;created_timestamp&quot;:&quot;0&quot;,&quot;copyright&quot;:&quot;&quot;,&quot;focal_length&quot;:&quot;0&quot;,&quot;iso&quot;:&quot;0&quot;,&quot;shutter_speed&quot;:&quot;0&quot;,&quot;title&quot;:&quot;&quot;,&quot;orientation&quot;:&quot;0&quot;}\" data-image-title=\"M_24-DSR\" data-image-description=\"\" data-image-caption=\"&lt;p&gt;M\u00fc24 Milan II&lt;\/p&gt;\n\" data-large-file=\"https:\/\/i0.wp.com\/www.akaflieg.vo.tum.de\/wp-content\/uploads\/2019\/03\/M_24-DSR.jpg?fit=492%2C376&amp;ssl=1\" width=\"492\" height=\"376\" src=\"https:\/\/i0.wp.com\/www.akaflieg.vo.tum.de\/wp-content\/uploads\/2019\/03\/M_24-DSR.jpg?fit=492%2C376&amp;ssl=1\" class=\"attachment-large size-large wp-image-1670\" alt=\"\" srcset=\"https:\/\/i0.wp.com\/www.akaflieg.vo.tum.de\/wp-content\/uploads\/2019\/03\/M_24-DSR.jpg?w=492&amp;ssl=1 492w, https:\/\/i0.wp.com\/www.akaflieg.vo.tum.de\/wp-content\/uploads\/2019\/03\/M_24-DSR.jpg?resize=300%2C229&amp;ssl=1 300w, https:\/\/i0.wp.com\/www.akaflieg.vo.tum.de\/wp-content\/uploads\/2019\/03\/M_24-DSR.jpg?resize=16%2C12&amp;ssl=1 16w\" sizes=\"100vw\" data-attachment-id=\"1670\" data-permalink=\"http:\/\/www.akaflieg.vo.tum.de\/en\/m_24-dsr\/\" data-orig-file=\"https:\/\/i0.wp.com\/www.akaflieg.vo.tum.de\/wp-content\/uploads\/2019\/03\/M_24-DSR.jpg?fit=492%2C376&amp;ssl=1\" data-orig-size=\"492,376\" data-comments-opened=\"1\" data-image-meta=\"{&quot;aperture&quot;:&quot;0&quot;,&quot;credit&quot;:&quot;&quot;,&quot;camera&quot;:&quot;&quot;,&quot;caption&quot;:&quot;&quot;,&quot;created_timestamp&quot;:&quot;0&quot;,&quot;copyright&quot;:&quot;&quot;,&quot;focal_length&quot;:&quot;0&quot;,&quot;iso&quot;:&quot;0&quot;,&quot;shutter_speed&quot;:&quot;0&quot;,&quot;title&quot;:&quot;&quot;,&quot;orientation&quot;:&quot;0&quot;}\" data-image-title=\"M_24-DSR\" data-image-description=\"\" data-image-caption=\"&lt;p&gt;M\u00fc24 Milan II&lt;\/p&gt;\n\" data-large-file=\"https:\/\/i0.wp.com\/www.akaflieg.vo.tum.de\/wp-content\/uploads\/2019\/03\/M_24-DSR.jpg?fit=492%2C376&amp;ssl=1\" \/>\t\t\t\t\t\t\t\t\t\t\t\t\t\t\t<\/div>\n\t\t\t\t<\/div>\n\t\t\t\t<div class=\"elementor-element elementor-element-06204e7 elementor-widget elementor-widget-text-editor\" data-id=\"06204e7\" data-element_type=\"widget\" data-e-type=\"widget\" data-widget_type=\"text-editor.default\">\n\t\t\t\t<div class=\"elementor-widget-container\">\n\t\t\t\t\t\t\t\t\t<p><strong>Technische Daten der M\u00fc 24:<\/strong><\/p><table class=\"wp-block-table\"><tbody><tr><td style=\"text-align: center;\">Spannweite<\/td><td style=\"text-align: center;\">20 m<\/td><\/tr><tr><td style=\"text-align: center;\">Fl\u00fcgelfl\u00e4che<\/td><td style=\"text-align: center;\">22 m\u00b2<\/td><\/tr><tr><td style=\"text-align: center;\">Profil<\/td><td style=\"text-align: center;\">M\u00fc<\/td><\/tr><tr><td style=\"text-align: center;\">R\u00fcstgewicht<\/td><td style=\"text-align: center;\">240 kg<\/td><\/tr><tr><td style=\"text-align: center;\">Fluggewicht<\/td><td style=\"text-align: center;\">484 kg<\/td><\/tr><\/tbody><\/table><p><!-- \/wp:table --><\/p>\t\t\t\t\t\t\t\t<\/div>\n\t\t\t\t<\/div>\n\t\t\t\t\t<\/div>\n\t\t<\/div>\n\t\t\t\t\t<\/div>\n\t\t<\/section>\n\t\t\t\t<\/div>\n\t\t","protected":false},"excerpt":{"rendered":"<p>\u201eMilan II\u201c fu\u00dfte auf der Idee eines wolkenflugtauglichen doppelsitzigen Leichtwindseglers. Als Vorlage dienten die Flugleistungen der alten M\u00fc 10 &#8218;Milan&#8216;, vor allem deren geringes Sinken bei niedriger Geschwindigkeit. Im Vergleich zur M\u00fc 10 wurden einige Bauteile vergr\u00f6\u00dfert, der Rumpf aerodynamisch g\u00fcnstiger gestaltet und die unsymmetrische Fl\u00fcgelteilung aufgegeben. Das Projekt wurde aber nicht verwirklicht. Technische Daten &hellip; <\/p>\n<p class=\"link-more\"><a href=\"https:\/\/www.akaflieg.vo.tum.de\/de\/mue-24-milan-ii\/\" class=\"more-link\">Mehr <span class=\"screen-reader-text\">\u00fcber &#8222;M\u00fc 24 &#8222;Milan II&#8220;&#8220; <\/span>Lesen<\/a><\/p>\n","protected":false},"author":4,"featured_media":0,"parent":0,"menu_order":0,"comment_status":"closed","ping_status":"closed","template":"","meta":{"inspiro_hide_title":false,"footnotes":""},"class_list":["post-2362","page","type-page","status-publish","hentry"],"jetpack_sharing_enabled":true,"featured_media_urls":[],"_links":{"self":[{"href":"https:\/\/www.akaflieg.vo.tum.de\/de\/wp-json\/wp\/v2\/pages\/2362","targetHints":{"allow":["GET"]}}],"collection":[{"href":"https:\/\/www.akaflieg.vo.tum.de\/de\/wp-json\/wp\/v2\/pages"}],"about":[{"href":"https:\/\/www.akaflieg.vo.tum.de\/de\/wp-json\/wp\/v2\/types\/page"}],"author":[{"embeddable":true,"href":"https:\/\/www.akaflieg.vo.tum.de\/de\/wp-json\/wp\/v2\/users\/4"}],"replies":[{"embeddable":true,"href":"https:\/\/www.akaflieg.vo.tum.de\/de\/wp-json\/wp\/v2\/comments?post=2362"}],"version-history":[{"count":9,"href":"https:\/\/www.akaflieg.vo.tum.de\/de\/wp-json\/wp\/v2\/pages\/2362\/revisions"}],"predecessor-version":[{"id":3369,"href":"https:\/\/www.akaflieg.vo.tum.de\/de\/wp-json\/wp\/v2\/pages\/2362\/revisions\/3369"}],"wp:attachment":[{"href":"https:\/\/www.akaflieg.vo.tum.de\/de\/wp-json\/wp\/v2\/media?parent=2362"}],"curies":[{"name":"wp","href":"https:\/\/api.w.org\/{rel}","templated":true}]}}

Mü 24 &#8222;Milan II&#8220;

<div data-elementor-type="wp-post" data-elementor-id="2362" class="elementor elementor-2362">
						<section class="elementor-section elementor-top-section elementor-element elementor-element-d980879 elementor-section-boxed elementor-section-height-default elementor-section-height-default" data-id="d980879" data-element_type="section" data-e-type="section">
						<div class="elementor-container elementor-column-gap-default">
					<div class="elementor-column elementor-col-100 elementor-top-column elementor-element elementor-element-28cc70c" data-id="28cc70c" data-element_type="column" data-e-type="column">
			<div class="elementor-widget-wrap elementor-element-populated">
						<div class="elementor-element elementor-element-01ef693 elementor-widget elementor-widget-text-editor" data-id="01ef693" data-element_type="widget" data-e-type="widget" data-widget_type="text-editor.default">
				<div class="elementor-widget-container">
									<p>„Milan II“ fußte auf der Idee eines wolkenflugtauglichen doppelsitzigen Leichtwindseglers. Als Vorlage dienten die Flugleistungen der alten Mü 10 &#8218;Milan&#8216;, vor allem deren geringes Sinken bei niedriger Geschwindigkeit. Im Vergleich zur Mü 10 wurden einige Bauteile vergrößert, der Rumpf aerodynamisch günstiger gestaltet und die unsymmetrische Flügelteilung aufgegeben. Das Projekt wurde aber nicht verwirklicht.</p>								</div>
				</div>
				<div class="elementor-element elementor-element-d46c17c elementor-widget elementor-widget-image" data-id="d46c17c" data-element_type="widget" data-e-type="widget" data-widget_type="image.default">
				<div class="elementor-widget-container">
															<img fetchpriority="high" decoding="async" data-attachment-id="1670" data-permalink="https://www.akaflieg.vo.tum.de/de/m_24-dsr/" data-orig-file="https://i0.wp.com/www.akaflieg.vo.tum.de/wp-content/uploads/2019/03/M_24-DSR.jpg?fit=492%2C376&amp;ssl=1" data-orig-size="492,376" data-comments-opened="1" data-image-meta="{&quot;aperture&quot;:&quot;0&quot;,&quot;credit&quot;:&quot;&quot;,&quot;camera&quot;:&quot;&quot;,&quot;caption&quot;:&quot;&quot;,&quot;created_timestamp&quot;:&quot;0&quot;,&quot;copyright&quot;:&quot;&quot;,&quot;focal_length&quot;:&quot;0&quot;,&quot;iso&quot;:&quot;0&quot;,&quot;shutter_speed&quot;:&quot;0&quot;,&quot;title&quot;:&quot;&quot;,&quot;orientation&quot;:&quot;0&quot;}" data-image-title="M_24-DSR" data-image-description="" data-image-caption="&lt;p&gt;Mü24 Milan II&lt;/p&gt;
" data-large-file="https://i0.wp.com/www.akaflieg.vo.tum.de/wp-content/uploads/2019/03/M_24-DSR.jpg?fit=492%2C376&amp;ssl=1" width="492" height="376" src="https://i0.wp.com/www.akaflieg.vo.tum.de/wp-content/uploads/2019/03/M_24-DSR.jpg?fit=492%2C376&amp;ssl=1" class="attachment-large size-large wp-image-1670" alt="" srcset="https://i0.wp.com/www.akaflieg.vo.tum.de/wp-content/uploads/2019/03/M_24-DSR.jpg?w=492&amp;ssl=1 492w, https://i0.wp.com/www.akaflieg.vo.tum.de/wp-content/uploads/2019/03/M_24-DSR.jpg?resize=300%2C229&amp;ssl=1 300w, https://i0.wp.com/www.akaflieg.vo.tum.de/wp-content/uploads/2019/03/M_24-DSR.jpg?resize=16%2C12&amp;ssl=1 16w" sizes="100vw" data-attachment-id="1670" data-permalink="http://www.akaflieg.vo.tum.de/en/m_24-dsr/" data-orig-file="https://i0.wp.com/www.akaflieg.vo.tum.de/wp-content/uploads/2019/03/M_24-DSR.jpg?fit=492%2C376&amp;ssl=1" data-orig-size="492,376" data-comments-opened="1" data-image-meta="{&quot;aperture&quot;:&quot;0&quot;,&quot;credit&quot;:&quot;&quot;,&quot;camera&quot;:&quot;&quot;,&quot;caption&quot;:&quot;&quot;,&quot;created_timestamp&quot;:&quot;0&quot;,&quot;copyright&quot;:&quot;&quot;,&quot;focal_length&quot;:&quot;0&quot;,&quot;iso&quot;:&quot;0&quot;,&quot;shutter_speed&quot;:&quot;0&quot;,&quot;title&quot;:&quot;&quot;,&quot;orientation&quot;:&quot;0&quot;}" data-image-title="M_24-DSR" data-image-description="" data-image-caption="&lt;p&gt;Mü24 Milan II&lt;/p&gt;
" data-large-file="https://i0.wp.com/www.akaflieg.vo.tum.de/wp-content/uploads/2019/03/M_24-DSR.jpg?fit=492%2C376&amp;ssl=1" />															</div>
				</div>
				<div class="elementor-element elementor-element-06204e7 elementor-widget elementor-widget-text-editor" data-id="06204e7" data-element_type="widget" data-e-type="widget" data-widget_type="text-editor.default">
				<div class="elementor-widget-container">
									<p><strong>Technische Daten der Mü 24:</strong></p><table class="wp-block-table"><tbody><tr><td style="text-align: center;">Spannweite</td><td style="text-align: center;">20 m</td></tr><tr><td style="text-align: center;">Flügelfläche</td><td style="text-align: center;">22 m²</td></tr><tr><td style="text-align: center;">Profil</td><td style="text-align: center;">Mü</td></tr><tr><td style="text-align: center;">Rüstgewicht</td><td style="text-align: center;">240 kg</td></tr><tr><td style="text-align: center;">Fluggewicht</td><td style="text-align: center;">484 kg</td></tr></tbody></table><p><!-- /wp:table --></p>								</div>
				</div>
					</div>
		</div>
					</div>
		</section>
				</div>

<p>„Milan II“ fußte auf der Idee eines wolkenflugtauglichen doppelsitzigen Leichtwindseglers. Als Vorlage dienten die Flugleistungen der alten Mü 10 &#8218;Milan&#8216;, vor allem deren geringes Sinken bei niedriger Geschwindigkeit. Im Vergleich zur Mü 10 wurden einige Bauteile vergrößert, der Rumpf aerodynamisch günstiger gestaltet und die unsymmetrische Flügelteilung aufgegeben. Das Projekt wurde aber nicht verwirklicht. Technische Daten &hellip; </p>
<p class="link-more"><a href="https://www.akaflieg.vo.tum.de/de/mue-24-milan-ii/" class="more-link">Mehr <span class="screen-reader-text">über &#8222;Mü 24 &#8222;Milan II&#8220;&#8220; </span>Lesen</a></p>
